actors of 1878?
2, 3, 313
What are the prime factors of 637?
7, 13
List the prime factors of 1687.
7, 241
What are the prime factors of 4695?
3, 5, 313
What are the prime factors of 7721?
7, 1103
What are the prime factors of 23726?
2, 11863
What are the prime factors of 7045?
5, 1409
What are the prime factors of 708?
2, 3, 59
List the prime factors of 114133.
19, 6007
What are the prime factors of 9265?
5, 17, 109
List the prime factors of 12433.
12433
What are the prime factors of 1859?
11, 13
What are the prime factors of 232?
2, 29
List the prime factors of 24949.
61, 409
What are the prime factors of 3049?
3049
What are the prime factors of 10722?
2, 3, 1787
What are the prime factors of 1478?
2, 739
What are the prime factors of 3799?
29, 131
List the prime factors of 1391.
13, 107
What are the prime factors of 5671?
53, 107
List the prime factors of 335.
5, 67
List the prime factors of 705.
3, 5, 47
What are the prime factors of 1212?
2, 3, 101
What are the prime factors of 1871?
1871
List the prime factors of 7405.
5, 1481
List the prime factors of 2018.
2, 1009
What are the prime factors of 3788?
2, 947
What are the prime factors of 4504?
2, 563
List the prime factors of 6834.
2, 3, 17, 67
What are the prime factors of 28190?
2, 5, 2819
What are the prime factors of 12783?
3, 4261
What are the prime factors of 6221?
6221
What are the prime factors of 11876?
2, 2969
List the prime factors of 9648.
2, 3, 67
List the prime factors of 2639.
7, 13, 29
What are the prime factors of 5312?
2, 83
List the prime factors of 1824.
2, 3, 19
List the prime factors of 19846.
2, 9923
What are the prime factors of 68697?
3, 17, 449
What are the prime factors of 79651?
11, 13, 557
What are the prime factors of 19500?
2, 3, 5, 13
What are the prime factors of 9787?
9787
What are the prime factors of 12783?
3, 4261
What are the prime factors of 91715?
5, 13, 17, 83
What are the prime factors of 145?
5, 29
What are the prime factors of 2718?
2, 3, 151
What are the prime factors of 97806?
2, 3, 16301
What are the prime factors of 891?
3, 11
List the prime factors of 6696.
2, 3, 31
List the prime factors of 1084.
2, 271
What are the prime factors of 9354?
2, 3, 1559
What are the prime factors of 46896?
2, 3, 977
List the prime factors of 57716.
2, 47, 307
What are the prime factors of 38293?
149, 257
What are the prime factors of 3211?
13, 19
List the prime factors of 15755.
5, 23, 137
List the prime factors of 8672.
2, 271
List the prime factors of 129891.
3, 29, 1493
List the prime factors of 12596.
2, 47, 67
What are the prime factors of 695?
5, 139
What are the prime factors of 102564?
2, 3, 7, 11, 37
What are the prime factors of 11320?
2, 5, 283
List the prime factors of 18103.
43, 421
List the prime factors of 1337.
7, 191
What are the prime factors of 3734?
2, 1867
What are the prime factors of 2068?
2, 11, 47
What are the prime factors of 321?
3, 107
List the prime factors of 2760.
2, 3, 5, 23
List the prime factors of 4035.
3, 5, 269
What are the prime factors of 16835?
5, 7, 13, 37
List the prime factors of 2565.
3, 5, 19
What are the prime factors of 12233?
13, 941
What are the prime factors of 5945?
5, 29, 41
What are the prime factors of 100021?
29, 3449
List the prime factors of 5189.
5189
What are the prime factors of 291?
3, 97
What are the prime factors of 27338?
2, 13669
What are the prime factors of 2441?
2441
What are the prime factors of 1252?
2, 313
What are the prime factors of 3909?
3, 1303
What are the prime factors of 14573?
13, 19, 59
What are the prime factors of 539?
7, 11
List the prime factors of 37293.
3, 31, 401
List the prime factors of 19453.
7, 397
What are the prime factors of 2642?
2, 1321
What are the prime factors of 9120?
2, 3, 5, 19
What are the prime factors of 29?
29
What are the prime factors of 8105?
5, 1621
List the prime factors of 60978.
2, 3, 10163
List the prime factors of 1182.
2, 3, 197
What are the prime factors of 865?
5, 173
What are the prime factors of 114558?
2, 3, 61, 313
List the prime factors of 23637.
3, 7879
What are the prime factors of 51942?
2, 3, 11, 787
List the prime factors of 26061.
3, 7, 17, 73
List the prime factors of 71904.
2, 3, 7, 107
What are the prime factors of 114?
2, 3, 19
List the prime factors of 61.
61
What are the prime factors of 88207?
7, 12601
What are the prime factors of 2578?
2, 1289
What are the prime factors of 18074?
2, 7, 1291
List the prime factors of 20493.
3, 11, 23
List the prime factors of 733.
733
List the prime factors of 654.
2, 3, 109
What are the prime factors of 50497?
50497
List the prime factors of 2405.
5, 13, 37
List the prime factors of 842.
2, 421
List the prime factors of 5419.
5419
List the prime factors of 4079.
4079
List the prime factors of 5409.
3, 601
What are the prime factors of 3534?
2, 3, 19, 31
What are the prime factors of 513?
3, 19
What are the prime factors of 13187?
13187
What are the prime factors of 21582?
2, 3, 11, 109
What are the prime factors of 12961?
13, 997
What are the prime factors of 1136?
2, 71
List the prime factors of 1451.
1451
What are the prime factors of 2817?
3, 313
List the prime factors of 17622.
2, 3, 11, 89
What are the prime factors of 4029?
3, 17, 79
List the prime factors of 13090.
2, 5, 7, 11, 17
List the prime factors of 2034.
2, 3, 113
What are the prime factors of 197910?
2, 3, 5, 733
What are the prime factors of 4677?
3, 1559
List the prime factors of 729.
3
What are the prime factors of 43610?
2, 5, 7, 89
List the prime factors of 62995.
5, 43, 293
What are the prime factors of 3548?
2, 887
What are the prime factors of 6053?
6053
List the prime factors of 6859.
19
List the prime factors of 1244.
2, 311
List the prime factors of 3001.
3001
List the prime factors of 2476.
2, 619
What are the prime factors of 1049?
1049
List the prime factors of 21703.
11, 1973
List the prime factors of 5879.
5879
List the prime factors of 4699.
37, 127
What are the prime factors of 8311?
8311
What are the prime factors of 12058?
2, 6029
List the prime factors of 76589.
19, 29, 139
What are the prime factors of 2029?
2029
List the prime factors of 4463.
4463
What are the prime factors of 615?
3, 5, 41
List the prime factors of 3204.
2, 3, 89
List the prime factors of 1229.
1229
What are the prime factors of 52571?
52571
What are the prime factors of 46612?
2, 43, 271
What are the prime factors of 2380?
2, 5, 7, 17
What are the prime factors of 1809?
3, 67
List the prime factors of 25727.
13, 1979
List the prime factors of 82290.
2, 3, 5, 13, 211
What are the prime factors of 102763?
102763
List the prime factors of 14398.
2, 23, 313
List the prime factors of 65664.
2, 3, 19
List the prime factors of 32041.
179
What are the prime factors of 9505?
5, 1901
List the prime factors of 43477.
7, 6211
List the prime factors of 174.
2, 3, 29
What are the prime factors of 50889?
3, 16963
List the prime factors of 1286.
2, 643
What are the prime factors of 39300?
2, 3, 5, 131
What are the prime factors of 81338?
2, 67, 607
What are the prime factors of 171656?
2, 43, 499
List the prime factors of 1113.
3, 7, 53
What are the prime factors of 14358?
2, 3, 2393
What are the prime factors of 4374?
2, 3
What are the prime factors of 100627?
47, 2141
List the prime factors of 9473.
9473
What are the prime factors of 6559?
7, 937
What are the prime factors of 59526?
2, 3, 3307
List the prime factors of 1451.
1451
What are the prime factors of 467?
467
What are the prime factors of 768?
2, 3
List the prime factors of 917.
7, 131
List the prime factors of 3169.
3169
List the prime factors of 1979.
1979
List the prime factors of 31085.
5, 6217
List the prime factors of 24255.
3, 5, 7, 11
List the prime factors of 6.
2, 3
What are the prime factors of 11893?
7, 1699
What are the prime factors of 904?
2, 113
List the prime factors of 1460.
2, 5, 73
List the prime factors of 2179.
2179
List the prime factors of 63648.
2, 3, 13, 17
What are the prime factors of 22022?
2, 7, 11, 13
List the prime factors of 1001.
7, 11, 13
What are the prime factors of 153643?
7, 47, 467
What are the prime factors of 238?
2, 7, 17
List the prime factors of 70949.
70949
What are the prime factors of 77785?
5, 47, 331
What are the prime factors of 908